{"id":3602,"date":"2026-09-04T21:06:26","date_gmt":"2026-09-04T19:06:26","guid":{"rendered":"https:\/\/vaour.fr\/index.php\/calendrier\/4c-revision-du-projet-de-territoire-participez-a-la-reflexion\/"},"modified":"2026-09-04T21:06:26","modified_gmt":"2026-09-04T19:06:26","slug":"4c-revision-du-projet-de-territoire-participez-a-la-reflexion","status":"publish","type":"mec-events","link":"https:\/\/vaour.fr\/index.php\/calendrier\/4c-revision-du-projet-de-territoire-participez-a-la-reflexion\/","title":{"rendered":"4C \u2013 R\u00e9vision du projet de territoire \u2013 Participez \u00e0 la r\u00e9flexion !"},"content":{"rendered":"<h2 class=\"wp-block-heading\">4C \u2013 R\u00e9vision du projet de territoire \u2013 Participez \u00e0 la r\u00e9flexion !<\/h2>\n<p class=\"wp-block-paragraph\">Ateliers\u00a0de r\u00e9flexion et de travail sur la r\u00e9vision du projet de territoire et \u00e0 destination de toutes les forces vives du territoire (\u00e9lus, habitants, associations, entreprises\u2026).\u00a0<\/p>\n<p class=\"wp-block-paragraph\">Pour la premi\u00e8re s\u00e9rie d\u2019ateliers\u00a0du 15.16.17 septembre nous allons les organiser dans les communes suivantes :\u00a0<\/p>\n<ul class=\"wp-block-list\">\n<li>Lacapelle S\u00e9galar- le 15 septembre\u00a0<\/li>\n<li>Mouzieys-Panens \u2013 le 16 septembre\u00a0<\/li>\n<li>Vaour \u2013 le 17 septembre\u00a0 \u00a0<\/li>\n<\/ul>\n<p class=\"wp-block-paragraph\">Pour m\u00e9moire, il s\u2019agit de 3 ateliers similaires dans trois lieux diff\u00e9rents.\u00a0\u00a0<\/p>\n","protected":false},"excerpt":{"rendered":"<p>4C \u2013 R\u00e9vision du projet de territoire \u2013 Participez \u00e0 la r\u00e9flexion ! Ateliers\u00a0de r\u00e9flexion et de travail sur la r\u00e9vision du projet de territoire et \u00e0 destination de toutes les forces vives du territoire (\u00e9lus, habitants, associations, entreprises\u2026).\u00a0 Pour la premi\u00e8re s\u00e9rie d\u2019ateliers\u00a0du 15.16.17 septembre nous allons les organiser dans les communes suivantes :\u00a0 &hellip; <\/p>\n<p class=\"link-more\"><a href=\"https:\/\/vaour.fr\/index.php\/calendrier\/4c-revision-du-projet-de-territoire-participez-a-la-reflexion\/\" class=\"more-link\">Continuer la lecture<span class=\"screen-reader-text\"> de &laquo;&nbsp;4C \u2013 R\u00e9vision du projet de territoire \u2013 Participez \u00e0 la r\u00e9flexion !&nbsp;&raquo;<\/span><\/a><\/p>\n","protected":false},"author":7,"featured_media":3578,"comment_status":"open","ping_status":"closed","template":"","meta":{"_uag_custom_page_level_css":"","advanced_seo_description":"","jetpack_seo_html_title":"","jetpack_seo_noindex":false,"jetpack_seo_schema_type":""},"tags":[],"mec_category":[10,49],"class_list":["post-3602","mec-events","type-mec-events","status-publish","has-post-thumbnail","hentry","mec_category-mairie","mec_category-reunion"],"uagb_featured_image_src":{"full":["https:\/\/vaour.fr\/wp-content\/uploads\/2026\/09\/Quel-territoire-Demain-151617-09-26.webp",1684,2380,false],"thumbnail":["https:\/\/vaour.fr\/wp-content\/uploads\/2026\/09\/Quel-territoire-Demain-151617-09-26-150x150.webp",150,150,true],"medium":["https:\/\/vaour.fr\/wp-content\/uploads\/2026\/09\/Quel-territoire-Demain-151617-09-26-212x300.webp",212,300,true],"medium_large":["https:\/\/vaour.fr\/wp-content\/uploads\/2026\/09\/Quel-territoire-Demain-151617-09-26-768x1085.webp",525,742,true],"large":["https:\/\/vaour.fr\/wp-content\/uploads\/2026\/09\/Quel-territoire-Demain-151617-09-26-725x1024.webp",525,742,true],"thumblist":["https:\/\/vaour.fr\/wp-content\/uploads\/2026\/09\/Quel-territoire-Demain-151617-09-26-300x300.webp",300,300,true],"thumbrelated":["https:\/\/vaour.fr\/wp-content\/uploads\/2026\/09\/Quel-territoire-Demain-151617-09-26-500x500.webp",500,500,true],"meccarouselthumb":["https:\/\/vaour.fr\/wp-content\/uploads\/2026\/09\/Quel-territoire-Demain-151617-09-26-474x324.webp",474,324,true],"gridsquare":["https:\/\/vaour.fr\/wp-content\/uploads\/2026\/09\/Quel-territoire-Demain-151617-09-26-391x260.webp",391,260,true],"tileview":["https:\/\/vaour.fr\/wp-content\/uploads\/2026\/09\/Quel-territoire-Demain-151617-09-26-300x400.webp",300,400,true],"1536x1536":["https:\/\/vaour.fr\/wp-content\/uploads\/2026\/09\/Quel-territoire-Demain-151617-09-26-1087x1536.webp",1087,1536,true],"2048x2048":["https:\/\/vaour.fr\/wp-content\/uploads\/2026\/09\/Quel-territoire-Demain-151617-09-26-1449x2048.webp",1449,2048,true],"twentyseventeen-featured-image":["https:\/\/vaour.fr\/wp-content\/uploads\/2026\/09\/Quel-territoire-Demain-151617-09-26-1684x1200.webp",1684,1200,true],"twentyseventeen-thumbnail-avatar":["https:\/\/vaour.fr\/wp-content\/uploads\/2026\/09\/Quel-territoire-Demain-151617-09-26-100x100.webp",100,100,true],"mailpoet_newsletter_max":["https:\/\/vaour.fr\/wp-content\/uploads\/2026\/09\/Quel-territoire-Demain-151617-09-26-1320x1866.webp",1320,1866,true]},"uagb_author_info":{"display_name":"Informatique VAOUR","author_link":"https:\/\/vaour.fr\/index.php\/author\/informatiquevaour-fr\/"},"uagb_comment_info":0,"uagb_excerpt":"4C \u2013 R\u00e9vision du projet de territoire \u2013 Participez \u00e0 la r\u00e9flexion ! Ateliers\u00a0de r\u00e9flexion et de travail sur la r\u00e9vision du projet de territoire et \u00e0 destination de toutes les forces vives du territoire (\u00e9lus, habitants, associations, entreprises\u2026).\u00a0 Pour la premi\u00e8re s\u00e9rie d\u2019ateliers\u00a0du 15.16.17 septembre nous allons les organiser dans les communes suivantes :\u00a0\u2026","jetpack_sharing_enabled":true,"_links":{"self":[{"href":"https:\/\/vaour.fr\/index.php\/wp-json\/wp\/v2\/mec-events\/3602","targetHints":{"allow":["GET"]}}],"collection":[{"href":"https:\/\/vaour.fr\/index.php\/wp-json\/wp\/v2\/mec-events"}],"about":[{"href":"https:\/\/vaour.fr\/index.php\/wp-json\/wp\/v2\/types\/mec-events"}],"author":[{"embeddable":true,"href":"https:\/\/vaour.fr\/index.php\/wp-json\/wp\/v2\/users\/7"}],"replies":[{"embeddable":true,"href":"https:\/\/vaour.fr\/index.php\/wp-json\/wp\/v2\/comments?post=3602"}],"wp:featuredmedia":[{"embeddable":true,"href":"https:\/\/vaour.fr\/index.php\/wp-json\/wp\/v2\/media\/3578"}],"wp:attachment":[{"href":"https:\/\/vaour.fr\/index.php\/wp-json\/wp\/v2\/media?parent=3602"}],"wp:term":[{"taxonomy":"post_tag","embeddable":true,"href":"https:\/\/vaour.fr\/index.php\/wp-json\/wp\/v2\/tags?post=3602"},{"taxonomy":"mec_category","embeddable":true,"href":"https:\/\/vaour.fr\/index.php\/wp-json\/wp\/v2\/mec_category?post=3602"}],"curies":[{"name":"wp","href":"https:\/\/api.w.org\/{rel}","templated":true}]}}

4C – Révision du projet de territoire – Participez à la réflexion !

<h2 class="wp-block-heading">4C – Révision du projet de territoire – Participez à la réflexion !</h2>
<p class="wp-block-paragraph">Ateliers de réflexion et de travail sur la révision du projet de territoire et à destination de toutes les forces vives du territoire (élus, habitants, associations, entreprises…). </p>
<p class="wp-block-paragraph">Pour la première série d’ateliers du 15.16.17 septembre nous allons les organiser dans les communes suivantes : </p>
<ul class="wp-block-list">
<li>Lacapelle Ségalar- le 15 septembre </li>
<li>Mouzieys-Panens – le 16 septembre </li>
<li>Vaour – le 17 septembre   </li>
</ul>
<p class="wp-block-paragraph">Pour mémoire, il s’agit de 3 ateliers similaires dans trois lieux différents.  </p>

<p>4C – Révision du projet de territoire – Participez à la réflexion ! Ateliers de réflexion et de travail sur la révision du projet de territoire et à destination de toutes les forces vives du territoire (élus, habitants, associations, entreprises…).  Pour la première série d’ateliers du 15.16.17 septembre nous allons les organiser dans les communes suivantes :  &hellip; </p>
<p class="link-more"><a href="https://vaour.fr/index.php/calendrier/4c-revision-du-projet-de-territoire-participez-a-la-reflexion/" class="more-link">Continuer la lecture<span class="screen-reader-text"> de &laquo;&nbsp;4C – Révision du projet de territoire – Participez à la réflexion !&nbsp;&raquo;</span></a></p>

4C – Révision du projet de territoire – Participez à la réflexion ! Ateliers de réflexion et de travail sur la révision du projet de territoire et à destination de toutes les forces vives du territoire (élus, habitants, associations, entreprises…).  Pour la première série d’ateliers du 15.16.17 septembre nous allons les organiser dans les communes suivantes : …
